 is the remainder when l is divided by a?
14
Let l = 25 + -11. Let p = 26 - l. Calculate the remainder when 23 is divided by p.
11
Suppose 0 = 2*g + 5*r - 8, 20 = 4*g + g - 2*r. What is the remainder when 14 is divided by g?
2
Let f(c) = 6*c**2 - 2*c - 3. Calculate the remainder when 50 is divided by f(2).
16
Let s(d) = 2*d - 14. Suppose -23*j - 15 = -26*j. What is the remainder when s(11) is divided by j?
3
Suppose 4*b = -12, 4*u - 4*b - 79 = b. Suppose c = -0*c + 104. Let a = c + -57. Calculate the remainder when a is divided by u.
15
Let o = -21 - -106. What is the remainder when o is divided by 22?
19
Let w(c) = -10*c**3 - 2*c**2 - 4*c - 3. What is the remainder when 12 is divided by w(-1)?
3
Suppose -20*g + 3*g + 510 = 0. What is the remainder when 177 is divided by g?
27
Let p(r) = 4*r**3 - 3*r**2 + 4*r - 3. Suppose -5*u = 0, 5*i + u = 2 + 8. Calculate the remainder when p(i) is divided by 13.
12
Suppose 0 = 2*m - m - 1, -3*m + 15 = 4*f. Suppose -f*a + 160 = a. Calculate the remainder when a is divided by 14.
12
Let j(p) = -p**3 + 7*p**2 - 3*p - 6. Let o be j(7). Calculate the remainder when 18 is divided by (-28)/(-6) + (-9)/o.
3
Let c = -41 + 86. Let b be ((-15)/9)/((-2)/6). Suppose b*x = -19 + 99. Calculate the remainder when c is divided by x.
13
Suppose -3*z = -5*z + 4. Let f = -1 - z. Calculate the remainder when 8*f*(-11)/6 is divided by 15.
14
Let d = 4 + -6. Let w = d - -7. What is the remainder when 8 is divided by w?
3
Suppose -12 = -n + 4*s, -2*n = 2*s + 3*s + 15. Calculate the remainder when 21 is divided by (-4)/6*(-12 + n).
5
Suppose -19*y + 186 = -17*y. Calculate the remainder when y is divided by 12.
9
Let y = 0 - -1. Suppose -y = l + 3. Calculate the remainder when -16*(0 + 2/l) is divided by 3.
2
Let u = 19 + -16. Let m(r) = r**3 + 4*r**2 + 4*r + 3. What is the remainder when u is divided by m(-2)?
0
Let n = 6 - -11. Suppose 5*p - 72 = -n. What is the remainder when 32 is divided by p?
10
Let z(i) = 30*i - 6. What is the remainder when z(2) is divided by 34?
20
Let x(y) = 4*y - 31. What is the remainder when x(17) is divided by 20?
17
Suppose -55 = -4*n - 3*a, 3*n - 40 = -2*n + 2*a. Calculate the remainder when (-3 + 2)/(1/(-29)) is divided by n.
9
Suppose -v = m - 5*m - 8, -8 = 3*v + 4*m. Suppose -17 = -v*i - i. Suppose -3*o - 39 = -5*f, 3*f + 5*o - 46 = -f. Calculate the remainder when i is divided by f.
8
Suppose -3*v + 8 = l - v, -2*l - 3*v = -12. Let k = 1 - l. Let d(r) = 7*r**3 + 1. Calculate the remainder when 22 is divided by d(k).
6
Let h be (-1 - 0)*4 - 2. What is the remainder when 6/(-5)*140/h is divided by 10?
8
Calculate the remainder when (1 - 3)*(-424)/16 is divided by 18.
17
Suppose 0 = -q + 5*a + 22, 30 = 3*q + 4*a - a. Calculate the remainder when 33 is divided by q.
9
Suppose -17*j = -4*j - 1326. What is the remainder when j is divided by 52?
50
Let c(h) = h + 20. What is the remainder when c(6) is divided by 7?
5
Suppose 65 = 5*u + 2*m, 3*u - 2*m - 23 = -0*m. Let w be 3 + (6/(-2) - 0). Suppose w*r = -2*r + 42. What is the remainder when r is divided by u?
10
Let p(i) = -i**3 + i**2 - i - 1. Let o be p(-1). Suppose 4*g - 66 = -o*d, -3*d + 142 = d + 3*g. Let h = 4 - -9. Calculate the remainder when d is divided by h.
11
Suppose 4*z + 12 = 8*z, 2*t = -2*z + 22. What is the remainder when 14 is divided by t?
6
Suppose -l + 55 = 4*l. Calculate the remainder when 41 is divided by l.
8
Let m(u) be the first derivative of u**4/4 - 2*u**3/3 - 2*u**2 - 3*u - 2. Let p = -5 - -9. Calculate the remainder when 38 is divided by m(p).
12
Suppose 4*d = 8*d - 160. Let y = -131 - -215. What is the remainder when d is divided by (y/30)/(1/5)?
12
Suppose -3*l = -36 - 6. Calculate the remainder when l is divided by -4 + 0 + 1 + 7.
2
Suppose 5*t - 63 = -3*h, 3*t - 8*t - h + 61 = 0. Calculate the remainder when 23 is divided by t.
11
Let h(o) = -2*o + 36. What is the remainder when 19 is divided by h(12)?
7
Let k(q) = q. Let v be k(0). Suppose 6 = -3*b - v. What is the remainder when (b - -1)/((-1)/13) is divided by 5?
3
Let i(o) = -18*o + 4. Let h be (-4)/(-10) - 162/30. What is the remainder when i(h) is divided by 24?
22
Let q = 45 + -32. What is the remainder when 22 is divided by q?
9
What is the remainder when 5 is divided by (-3)/(-1)*(-44)/(-33)?
1
Suppose -2*o = -y + o, 0 = -y - 5*o. Suppose -7*m + 6*m + 5 = y. What is the remainder when m is divided by 2?
1
Let m be 1/(-5) + (-155)/(-25). Let z(r) = -r. Let u be z(-3). Suppose u*p = -0*w - 3*w + m, 2*w = 0. Calculate the remainder when p is divided by 2.
0
Let y = 106 - 45. Let i = y - 33. What is the remainder when i is divided by 10?
8
Let s(b) = b + 11. Let p be s(-6). Suppose p*o - 46 = 24. What is the remainder when 27 is divided by o?
13
Suppose 4*m + d = 85, -2*m + d + 65 = 6*d. What is the remainder when 33 is divided by m?
13
Suppose g - 125 = -4*g. Let h = 15 + -2. What is the remainder when g is divided by h?
12
Let x = 43 - 30. Let v(f) = -f**2 + 5*f - 3. Let m be v(4). Calculate the remainder when ((-37)/2)/(m/(-2)) is divided by x.
11
What is the remainder when 55 is divided by ((-8)/(-20))/((-3)/(-210))?
27
Calculate the remainder when 99 is divided by (50/(-8))/((-3)/24).
49
Let a = 23 - 14. Let v = a + -5. Suppose v*g + 22 = w, 2*g + 2*g = -3*w + 66. What is the remainder when w is divided by 8?
6
Let w = -25 + 42. Let j be (-6)/(-4) + (-2)/(-4). Suppose -335 = -j*a - 3*a. What is the remainder when a is divided by w?
16
What is the remainder when (-238)/(-10) - (-4)/20 is divided by 9?
6
Let b(k) = -6*k + 2. Calculate the remainder when 102 is divided by b(-4).
24
Suppose -5*z - w - 3*w + 51 = 0, -20 = -5*w. What is the remainder when 27 is divided by z?
6
Let y(r) = -r**3 + 3*r**2 - 2*r + 1. Let g be y(2). Let q = -1 + g. Suppose d + q = 23. Calculate the remainder when d is divided by 8.
7
Let i(w) = 2*w**3 + 32*w**2 - 2*w - 6. What is the remainder when 98 is divided by i(-16)?
20
Suppose 129 + 5 = 2*p. Let b(c) = -2*c**3 - 5*c**2 + 10*c + 9. What is the remainder when p is divided by b(-4)?
16
Suppose 2*w = 76 + 44. Calculate the remainder when w is divided by 16.
12
Let f(m) = 8*m**2 - 2*m + 1. Let t be ((-24)/15)/4*-5. Let n be f(t). Let b = n + -21. Calculate the remainder when 14 is divided by b.
6
Suppose 0 = r - 29 - 61. Suppose -4*h + r = h. What is the remainder when 52 is divided by h?
16
Let l be 0*(4/1)/(-4). Suppose 4*u + l*u - 104 = 0. What is the remainder when 103 is divided by u?
25
Suppose 2*j - 1 = -3. Let a(f) = -4*f + 5*f + 2 - 6*f - 3. Calculate the remainder when a(j) is divided by 3.
1
Suppose -5 = 2*i + 5. Let t(k) = k**3 + 6*k**2 + 3*k + 4. Calculate the remainder when 41 is divided by t(i).
13
Let s = -17 + -10. Let b = -11 - s. Calculate the remainder when 47 is divided by b.
15
Let c(n) = n**3 + 5*n**2 + 2*n - 4. Calculate the remainder when 3/(3/84*6) is divided by c(-3).
6
Suppose 0 = 4*z - 41 - 19. What is the remainder when 44 is divided by z?
14
Let d(n) be the first derivative of 2*n**3/3 - n**2/2 - 3*n - 2. Calculate the remainder when d(4) is divided by 13.
12
Suppose 0*m = -2*m + 16. Let i(s) = 24*s**2 - 4*s + 3. What is the remainder when i(1) is divided by m?
7
Let v = 32 + -18. What is the remainder when 18 is divided by v?
4
Suppose 2*s - 30 = -5*y + 13, s + 5*y = 24. Calculate the remainder when 37 is divided by s.
18
Let i(u) = 3*u**2 - 5*u - 3. Calculate the remainder when 35 is divided by i(3).
8
Let h = 358 - 184. What is the remainder when h is divided by 22?
20
Let i be (6 + -2)*6/(-8). Suppose 12*o + 680 = 32*o. Calculate the remainder when o is divided by 0 + -4*1*i.
10
Suppose 3*q - 4*v = 124, 4*v - v = 4*q - 163. Let y be 1/(-2) - (-15)/(-10). Let p(k) = 5*k**2 + 3*k. Calculate the remainder when q is divided by p(y).
12
Suppose 4*o = 4*j + 256, 6*o - 2*j = o + 335. Suppose -3*m + o = -3. Calculate the remainder when m is divided by 1*-1*1*-13.
11
Let r(a) = -a**2 - 6*a - 6. Let w be r(-5). Let t be (-7 - -4)/1 + -3. What is the remainder when (6/12)/(w/t) is divided by 1?
0
Let f(t) be the third derivative of -t**4/24 - t**3/3 - t**2. Let i(c) = -c**2 + 7*c + 1. Let w be i(8). Calculate the remainder when 14 is divided by f(w).
4
Let n = 50 + -32. Let o be (-1)/3 + 60/n. Calculate th